.
21
121 - 268 - (-212 - 35)
100
What is the value of 25 + -3 + (-5 + -16 - -10) + -17?
-6
(8 - (12 - 6)) + (-10 - -9) + (2 - -59)
62
-67 + 1 - (158 + (73 - 224))
-73
What is the value of 6 + -7 + 13 - 11 - 48 - -11?
-36
Calculate -35 - -48 - (0 - -1) - 53.
-41
Calculate (2315 - 2438) + (40 - -1).
-82
177 + -178 + -13 - (-36 - 0)
22
Evaluate -24 - (-40 + 27) - (3 - -27).
-41
Calculate 13 - (11 - (2 + -10) - 58).
52
Evaluate 1 + 16 + 58 + (15 - 69) + -7.
14
Evaluate (7 + (0 - 0) - 15) + -34.
-42
What is -4 - (-36 + 32 + 1 + -13) - 95?
-83
Evaluate 42 + -3 - (239 - 222) - -52.
74
(6 + -50 - 8) + 11
-41
Evaluate 15 + -34 + -1 + -2 - 17 - 9.
-48
What is 40 + (-76 - -40) - ((48 - 0) + 2)?
-46
Evaluate 10 - (33 + (10 - -29)).
-62
Evaluate -49 + (-34 + 39 - -29) + 0.
-15
What is the value of 86 - ((-27 + (40 - 40) - -22) + 11 + 1)?
79
What is the value of (112 + -17 - 79) + -61?
-45
62 - 44 - (0 - -1)
17
Calculate -100 + (111 + -166 - -158).
3
What is (-2 + 2 - -1) + 24 - (66 - (43 - -13))?
15
(-18 - -19 - 21) + (-3 - -1 - -14) + 0
-8
What is the value of -62 + (51 - -99) - (0 + 0 + 17)?
71
Evaluate 0 + -110 - (1726 - 1786).
-50
(-19 - (79 + -87)) + (-5 + 4 - (48 - -1))
-61
19 - ((-2 - 17) + (-40 - (31 + -10)))
99
What is the value of (-3 - -1 - -108) + 16 + (-25 - (-11 + 5))?
103
What is the value of -1 + 35 + (-12 - (-11 + 26)) + 30?
37
Evaluate -5 + 0 + 4 + 17 + -47.
-31
What is -2 + 17 - (-39 + 6 + 1 + (-9 - -18))?
38
Evaluate (0 - (-58 - -45)) + -26 + 0.
-13
Evaluate 1 + (-8 - 4) - ((2 - -4) + -17).
0
Evaluate 0 + 4 + 0 + -2 + -20 + -82 + 121.
21
Calculate -26 + (-52 - -55) - (-37 + 1).
13
Calculate -102 - ((-1 - 4) + (50 - (35 + 25))).
-87
Calculate -42 + (54 - (42 - -9)).
-39
105 + -24 + (37 - (13 - -16))
89
Evaluate 20 - 1 - ((-24 - -43) + (63 - 11)).
-52
-9 + 1 - (-69 - -69 - (35 + -38))
-11
What is the value of (146 - 126) + 3 + -14 + 8?
17
(-318 - -316) + (36 - 4) + -8 + -1
21
What is the value of (18 - (-1 + (1 - -20))) + 22?
20
(17 - (105 - -1)) + -20 + -4 + 10
-103
Calculate 37 + -17 - -39 - -16.
75
(-5 - -4) + -102 + ((0 - -11) + 7 - 32)
-117
Evaluate -102 + 78 + 79 - (17 - -1).
37
-61 + -25 + -15 + 9 + 57
-35
Calculate 33 - (24 + -6 - 4).
19
(-41 + -12 + (15 - -22) - -58) + 15
57
What is the value of -25 - (19 + -72 + 29) - 20?
-21
Calculate 0 + 31 + -11787 + 11731.
-25
What is 1 + 3 + (-147 - (-27 - ((-24 - -12) + -9)))?
-137
What is the value of (243 - 94) + (8 - 131)?
26
What is the value of 2 - (119 + 77 + -188)?
-6
Calculate 39 + -156 - -93 - -42.
18
Evaluate (3 - -20 - 10) + -23 + (-49 - -18).
-41
Calculate -16 + -90 + -31 + 7 + 46.
-84
What is the value of (-31 - -2) + (-3 - -1) + -5 + 4?
-32
(-19 + -22 - -32) + -53
-62
Calculate -170 - (-297 + 121) - (4 - 6 - (0 + -23)).
-15
What is the value of -481 + 559 + -3 + -54?
21
What is the value of 3 - (-89 - (-13 + 19 - 11) - -17)?
70
What is the value of (3 - -64) + (-6 - 20) + 13?
54
What is the value of (-55 - (59 + -62)) + -34?
-86
Calculate (-90 + 27 - -75) + (4 - 2) + -55 + 5.
-36
What is the value of 92 + -217 + 69 + -19?
-75
Calculate 46 - (6 + -6 + 8).
38
What is the value of (-54 - -9) + 25 + (-3 - 10)?
-33
Calculate -43 + -6 + 5 - (0 - 21).
-23
What is 61 - 87 - (5 - -5)?
-36
-20 + (0 - 2) + -4560 + 4591
9
(86 - 99) + 28 + (1 - -15)
31
What is the value of -8 - (-22 - 1) - (-46 + 3 + (4 - 12))?
66
Calculate (1 - (-4 + 1)) + (124 - 46) + -71.
11
What is 0 + 0 - (-9 + (34 - 2) + 66 + -78)?
-11
Calculate 16 + -1 + -21 + 28 + 1 - -5.
28
Evaluate (-1 - 95) + 137 + -62.
-21
Calculate (6 + (27 - 4) + -7 - 9) + -17.
-4
What is the value of 3122 + -3031 + -1 + 50?
140
Calculate 19 + -13 - (-11 + 12 + 3).
2
What is the value of -10 + (10 - (3 + 8 + 1) - (2 + -16))?
2
What is -29 + (33 - 24 - -67)?
47
103 + -174 - -48 - (14 - -1)
-38
Calculate (0 - -1) + (-112 - (-226 - -138)).
-23
Calculate -1 + 71 + -36 + -38 - (4 - -44).
-52
What is the value of -2 + (-25 + -24 - -25) + -12 + -1 + -1?
-40
Calculate -1 - -36 - ((-201 - 37) + 280).
-7
Calculate 13 + (9 - (115 - 57)).
-36
Calculate (64 - -29) + -13 + -66.
14
Evaluate -17 + -48 + 14 + (12 - 34).
-73
Calculate 84 + -9 + 9 + (-1 - 11) + (-17 - -5).
60
Evaluate (-35 - 24) + 42 - (-10 - 19).
12
Evaluate 1 + -56 + 737 + -711.
-29
What is 21 + 27 + -29 + -50 + 19?
-12
Evaluate -6 + (34 - (-15 + 8 - (14 - 16))).
33
8 + (-29 - 50) + 16
-55
Evaluate -53 - (60 - (89 - -56)).
32
What is 36 - ((0 - 20) + 48 + (12 - 51))?
47
-34 - ((-25 - -14) + -9) - (81 + 0)
-95
14 - (11 - (26 - 7)) - (73 - 17)
-34
What is -2 + (-30 - 0) + (-7859 - -7942)?
51
Calculate (13 - -10) + -27 + (-2 - (-6 + 11 - -12)).
-23
7 + (4 + -4 - ((11 - (-32 + 11)) + -14))
-11
What is (11 + 19 - 31) + 54?
53
Evaluate 807 - 816 - (0 + -5 - (83 - 0)).
79
(6 - -7 - 9) + (-94 - -154)
64
What is -60 - -140 - 24 - -20?
76
Evaluate 81 + -3 - (6 + (-11 - (-16 + 21)) - -19).
69
What is the value of -3 + (-3 + (0 - 1) - -2)?
-5
What is the value of -5 - (10 + -124 + -24 + (-4 - (0 - 1)))?
136
7 - (68 - (9 + (14 - 25) + -12))
-75
Evaluate 2 + (5 - 2) + -1 + 6 - (-227 + 337).
-100
Calculate -2 - 46 - (4 - (-12 + 42)).
-22
-36 + -30 + -36 + 94
-8
Calculate 13 - (-4 + 16 - -12) - (-1 - -40).
-50
What is the value of 68 + (11 + -6 - 33) + -14?
26
103 + 61 + (-7 - 61) + (18 - 1) - -1
114
What is (0 - -11) + -4 - (-40 + 23 + -59)?
83
What is -145 + 221 - (-22 - 5) - 17?
86
-1 + -2 - (-67 - (15 + -23)) - -13
69
What is the value of (92 - 84) + 18 + (27 - 48)?
5
What is the value of (6 - -29) + (-28 - (-13 + 17))?
3
Evaluate -2507 + 2515 + (-18 + 2 - 1).
-9
Calculate -65 - ((54 - 368) + 130).
119
What is -21 - (15 + -6 - 23)?
-7
Calculate 8 - 17 - (40 - (55 + -35)).
-29
What is -64 + (-40 + 12 - -61)?
-31
What is (4 - 4) + -1 + 0 - (29 + 11 + -102)?
61
-4 + 0 + -118 - (-5018 - -5042)
-146
15 + 0 + 3 + (-471 - -506) + -16
37
Calculate -34 + (6 - 1) - ((2 - 10) + 4).
-25
Calculate 32 + (18 - (42 - 49)).
57
13 - (85 + -4 + 14 + (8 - 23))
-67
Evaluate 8 + -12 + 0 + 109 + -48.
57
What is the value of 68 + (22 - 103) - (-2 - 58)?
47
Calculate -6 - 3 - (-12 + (16 - 26)) - -24.
37
Evaluate -71 - -103 - (4 + 15 + -14).
27
What is -71 + (-75 - -243) + -57?
40
Calculate -20 - (76 - (14 + 16)).
-66
What is the value of -42 - (-17 + 33 - 27 - -9)?
-40
What is -242 + -135 + 292 + 2?
-83
Calculate -1 + -4 + (12 - (-47 + 30 + 27)).
-3
What is the value of -182 + 52 + 36 - -46?
-48
What is the value of -26 + -13 - -69 - -31?
61
Calculate -2 + -93 - (-235 + (-7 - -201)).
-54
What is the value of (49 - (-45 + 115)) + 1 + 8?
-12
-24 + -40 + 90 + -8
18
Calculate 18 + -1 - (274 - (274 - -19)).
36
What is the value of (7 - 42) + (2 - ((-7 - -8) + -2))?
-32
What is 40 + 35 + -50 - -23?
48
What is the value of -48 + (105 - 46) + 1 + (41 - 1)?
52
What is (-20 + (0 - -4) - -8) + 9 - 31?
-30
(-6 - (19 + 88)) + 10 + 9 + -6
-100
(11 - (15 + -25 - -24)) + 0
-3
Calculate -392 - -393 - (20 - (-3 + 1)).
-21
Evaluate 73 - ((12 - -5) + -8) - (17 + 9 - 10).
48
What is the value of (-8 - (0 + -7) - (7 + -9)) + 2 + -54?
-51
Evaluate (-79 - -24) + 80 + -17 + (2 - 3 - -2).
9
What is -87 + (53 - 59) + 45?
-48
(2 - 1) + (7 + 0 - (6 - -27 - 21))
-4
-1 + 5 - 6 - (28 - 23) - (-41 - 9)
43
Calculate 196 + -54 + -150 + (16 - 1).
7
Calculate 2 - (-26 - 14) - (3 + 11).
28
Calculate 117 - -1 - (-1600 - -1664).
54
Calculate (-103 - 0) + (36 + 3 - 31).
-95
Calculate 4 + 90 - (-791 + 980).
-95
What is the value of (18 - (3 - -14) - (33 + 1)) + -10?
-43
What is (-44 - -55 - (1 - -21)) + 5?
-6
What is the value of (62 - (-1 + -11 + 25)) + 31?
80
75 - (-5 - -23) - 111
-54
25 + -9 + (57 - -67)
140
(18 - 6) + -5 + -3 + -39 + -12
-47
What is the value of 1 + -34 - ((3 - 1) + (-295 - -281))?
-21
What is the value of 5 - (11 + (-1 + -16 - (1 - 2)) + 80)?
-70
-14 + -11 + -19 + (-19 - -20)
-43
Evaluate (3 - (2 - 42)) + (156 - 94 - 48).
57
What is 149 - 150 - (-6 + 4 + 12 - 6)?
-5
-24 + ((28 - 17) + -25 - -2)
-36
35 + (-116 - (66 + -153))
6
What is the value of -76 - (-14 - (4 + -18 + 6 + 5 + -17))?
-82
-20 - 112 - -34 - -15
-83
Calculate -1 - -5 - ((-33 - -2) + 18) - -1.
18
6 + 2 + -3 - 25 - -8
-12
What is the value of (-9 - 13) + -2 + (11 - (12 + 19 - 16))?
-28
Calculate (1 + (10 - 6 - 14) - 56) + 1 + 2.
-62
Evaluate -2 - 1 - (0 + (4 - 2) + -1102 + 1099).